 be ((-4)/12)/(2/(-6)). Let s = o + 2. Suppose 5*z - 90 = -s*i, z - 5*i + 3 = -7. What are the prime factors of z?
3, 5
Let j be 17 - 5/(20/12). Suppose -100 = 10*i - j*i. What are the prime factors of i?
5
Let n(o) = o**3 + 3*o**2 - 2. Let t be n(-3). Let r be 2 + -1 - (2 - t). What are the prime factors of (0 - -1)*r/(-1)?
3
Let c(w) = -9*w + 12. List the prime factors of c(-7).
3, 5
Suppose -3*q + 6 = -5*x - 26, -4 = -3*x - 4*q. Let l(m) = -15*m + 4. Let r be l(x). Suppose 0 = -5*k - 4 + r. What are the prime factors of k?
2, 3
Let j(b) be the second derivative of b**5/20 + b**4 - 7*b**3/3 + 4*b**2 - 2*b. List the prime factors of j(-13).
3, 7
Suppose -10 + 4 = -3*q. Suppose z = -5*k + 57, -q*z - 2 - 64 = -5*k. What are the prime factors of k?
2, 3
Suppose -3*i + 24 = -5*i. Let a = i + 18. What are the prime factors of a?
2, 3
Let k(y) = y - 4 + 7 - 7. Let w = 34 - 22. What are the prime factors of k(w)?
2
Suppose -5*i = -0*i - 20. Suppose -i*z + 4*d + 16 = 0, -2*z - 2*d + 6*d + 4 = 0. Suppose -q - 10 = -3*v, 3*v - z = -2*v - q. List the prime factors of v.
2
Suppose -6*t + 11*t = -775. What are the prime factors of t/(-4) + (-9)/(-36)?
3, 13
Suppose 0 = -5*d + 5*u - 0*u + 45, 30 = 2*d - 5*u. Suppose 41 = d*m + z, 0 = -4*m + 2*z + 30. What are the prime factors of m?
2
Let f(w) = -w - 5. Let a be f(-8). Suppose a*x - 12 = -x. List the prime factors of x.
3
Suppose -5*n + 340 = -2*r, 68 = n + r - 0*r. What are the prime factors of n?
2, 17
Let g = -6 + 15. What are the prime factors of (1*g)/(3 + -2)?
3
Suppose o - 5*v - 95 = -o, -2*v + 95 = 3*o. List the prime factors of o.
5, 7
Let i be ((-6)/4)/(2/(-4)). Suppose i*u - 3*t = 25 - 1, -32 = -5*u + 3*t. List the prime factors of u/6 + 124/12.
11
Let m(u) be the second derivative of 0 + 0*u**3 + 7/12*u**4 + 5/2*u**2 - 1/20*u**5 - u. What are the prime factors of m(7)?
5
Let g(o) = o**2 + 6*o + 8. Let n = -4 - 3. List the prime factors of g(n).
3, 5
Let q = 1 - 18. List the prime factors of 3*(q/(-3) + 0).
17
Let k be (-41 - 5)*(-1)/2. Let i be (-12)/(-21)*7/2. Suppose k - 9 = i*s. List the prime factors of s.
7
Let b(o) = -4*o - 4. Let h(s) = s + 5. Let m be h(-9). Let t be b(m). Suppose 5*i = 3*i + 2*w + t, 0 = 2*w - 6. What are the prime factors of i?
3
Suppose n - 67 = 9. Suppose -n = -5*u + 59. List the prime factors of u.
3
Suppose -4*d - 4*v + 728 = 0, 4*d = 4*v + 312 + 376. List the prime factors of d.
3, 59
Suppose 5 + 5 = q + 5*t, -2*q - 3*t = -34. List the prime factors of q + 1/((-1)/3).
17
Suppose 2*a + 14 = 2*w, -27 = -w - 3*a + 8*a. Suppose -14 - 7 = -k + 2*x, w*x - 23 = -3*k. What are the prime factors of k?
11
Suppose 2*v = 38 - 2. List the prime factors of v.
2, 3
Let s = -27 + 29. List the prime factors of s.
2
Suppose 24*s - 54 = 21*s. List the prime factors of s.
2, 3
Let w(i) = 6*i**2 - 4*i**3 + 0*i**2 + i - 4 + 3*i**3 + 2*i. List the prime factors of w(6).
2, 7
List the prime factors of 5/5 - (-80)/2.
41
Let h(q) = -q**2 + 11*q + 9. Let s be h(12). Let o be (0/(-4 - s))/1. Suppose o = 2*p - 8, 3*p + 45 = 5*v - 2*p. What are the prime factors of v?
13
Let d = -27 - -45. List the prime factors of (207/d)/(1/2).
23
Let z(p) = -5*p + 22. List the prime factors of z(-11).
7, 11
Suppose 4*c + 25 = -c. Let k(r) = -6*r + 8. What are the prime factors of k(c)?
2, 19
Suppose -4*k = -k. Suppose k = -t + 29 - 12. List the prime factors of t.
17
Suppose 2*z + 5*q - 29 = 226, 5*q - 385 = -3*z. What are the prime factors of z?
2, 5, 13
Let b(u) = 26*u**3 + u**2 + u. Let f be b(-1). Let z = -15 - f. What are the prime factors of z?
11
Let h be (-14)/49 - 26/7. List the prime factors of 1/((-1)/h) + 15.
19
Suppose 10 = -9*u + 4*u, u + 1592 = 5*x. What are the prime factors of x?
2, 3, 53
Suppose -2*p + 0*p = -8. Let u(k) = k - 1. What are the prime factors of u(p)?
3
Suppose -p + 63 + 0 = 0. What are the prime factors of p?
3, 7
Let b(j) = j**3 - j**2 + 41. What are the prime factors of b(0)?
41
Let s = 5 - 3. Suppose -s*i = -7*i - 5*y + 50, -3*y - 15 = 0. List the prime factors of i.
3, 5
Let x be (0 - 2)/1 - -41. Let f = x - 25. List the prime factors of f.
2, 7
Let w be (-6)/33 - 592/11. Let l = -38 - w. List the prime factors of l.
2
Let l be (-2)/(-4) - (-63)/18. Suppose -3*p + 4*p - 43 = -l*t, 4*p + 8 = 2*t. List the prime factors of t.
2, 5
Suppose -4*v - 81 = 2*n - 765, v - 165 = n. What are the prime factors of v?
13
Let t be 3 + -5 + -1 + 7. Suppose -2*c + 2*h = -c - 14, -t*c + 82 = 5*h. List the prime factors of c.
2, 3
Let m(j) be the second derivative of j**5/20 + 7*j**4/12 + 5*j**3/6 - j. Let l be (-8)/2*24/16. List the prime factors of m(l).
2, 3
Let m(o) = 22*o**3 - 2*o**2 + o. What are the prime factors of m(1)?
3, 7
What are the prime factors of 4*-1 - (-91 + 20)?
67
Suppose -24 = -4*k - 0*k. Let u(w) = 6 - w - k. List the prime factors of u(-7).
7
Let t = -1 + 31. List the prime factors of t.
2, 3, 5
Suppose 2*x + 6 = -4*z, -3*z - 4*x = 2 - 5. Let l(c) be the third derivative of c**5/60 + c**4/24 + c**3/3 + c**2. List the prime factors of l(z).
2
Suppose 0 = -4*c + 3*c - 6. Let x = c + 15. What are the prime factors of x/(-3)*7/(-3)?
7
Let b be (-2 + -2)*(-10)/(-8). Let a(v) = v**3 + 5*v**2 + 9. Let d(z) = z**3 + 4*z**2 + 9. Let x(k) = b*a(k) + 6*d(k). What are the prime factors of x(0)?
3
Suppose -3*p - 2*p = -10. Let f = p - 2. Let y(t) = t**3 + t**2 - t + 7. List the prime factors of y(f).
7
Suppose 2*u - 2 - 8 = 0, 2*u = -2*s + 28. What are the prime factors of s?
3
Let l(h) be the first derivative of -h - 2*h**2 + 1 + 1/3*h**3. What are the prime factors of l(6)?
11
Suppose -13*c = -44 - 138. What are the prime factors of c?
2, 7
Suppose -2*w = -2*i - i - 4, 3*i + 10 = 5*w. Let o = 0 + w. Suppose 14 = 4*u + o*p, -2*u + u - 3*p = -1. List the prime factors of u.
2
Let k be ((-3)/(-2))/(-3)*-6. Suppose 0 = -2*l + 15 - k. What are the prime factors of l?
2, 3
Suppose 4*j = 16, -2*r + 6*r - 312 = 3*j. What are the prime factors of r?
3
Let a(f) be the third derivative of -3*f**4/4 - f**3/2 + f**2. What are the prime factors of a(-2)?
3, 11
Let p(l) = 8*l. Let a be p(1). Let x = 5 - 0. Let w = a - x. What are the prime factors of w?
3
Let h(b) = b + 2. Let j = 8 - 2. What are the prime factors of h(j)?
2
Let s = 40 + -29. What are the prime factors of s?
11
Let g(m) = 3*m + 1. Let n be g(-4). Let f = 5 - 7. Let y = f - n. List the prime factors of y.
3
Let p(w) = -w**3 + 5*w**2 + 5. Let b be p(4). Let q(x) = -x**2 + 4*x - 4. Let y be q(3). Let g = b - y. List the prime factors of g.
2, 11
What are the prime factors of 30*8*(-8)/(-20)?
2, 3
Suppose 3*k = -3*s - 12, -4*k + 2*s + 1 = k. Let r(a) = a + 7. Let d be r(0). Let q = d + k. What are the prime factors of q?
2, 3
Let l = 3 + -2. Let g be (1 - (3 - 2))/l. Suppose -2*h + 9 + 7 = g. What are the prime factors of h?
2
Let q be (-4)/((-3)/(12 + 0)). Suppose -4*y + 0*y + q = 0. What are the prime factors of y?
2
Let m(n) = 14 + 56*n - 58*n - 2. List the prime factors of m(-10).
2
Suppose -4*h + 16 = -4*d, -2*d - d = -5*h + 20. Suppose 42 = 3*x - 2*m, d*x = -2*x - 5*m + 47. What are the prime factors of x?
2
List the prime factors of (0 + -2)*13*-3.
2, 3, 13
Let s(x) be the first derivative of 2*x**3/3 - 3*x**2/2 - 4*x + 1. Let t = 0 + 3. List the prime factors of s(t).
5
Let p(g) = 2*g - 1. Let c be p(-1). Let a be (2 + c)*(-10 + -1). Suppose 3*w - 32 = -a. What are the prime factors of w?
7
Let a(n) = -17*n + 1. Let b(l) = 68*l - 4. Let r(u) = 9*a(u) + 2*b(u). List the prime factors of r(-1).
2, 3
Let k = 194 - 98. List the prime factors of k.
2, 3
Let v = 63 + -28. List the prime factors of v.
5, 7
Let q be 3*(-1)/((-9)/(-12)). Let m be q/(-10) + 132/(-30). List the prime factors of (-5 - -31)*(-2)/m.
13
Suppose -2*u = -0*u - 4. Suppose -u*i - 3*i = 3*h - 67, -5*h = -5*i + 75. List the prime factors of i.
2, 7
Suppose 4*f - 5*g + 23 = -28, -2*f + 5*g = 13. Let d = -7 - f. Suppose -3*p + p = -d. List the prime factors of p.
2, 3
Suppose 5 = 2*w - 3*q - 9, -5*q = w + 6. Suppose 3*g + 16 = 4*g + w*d, d = g - 16. List the prime factors of g.
2
Let n = -9 - -51. List the prime factors of n.
2, 3, 7
Suppose 0 = -6*g + 2*g. Suppose 2*d - 42 + 17 = -q, -5*q - 4*d + 149 = g. List the prime factors of q.
3, 11
Let a be 54/3